by v.
59
Let v = 2062 + -1627. Calculate the remainder when v is divided by 6.
3
Let s(w) = 354*w + 2955. What is the remainder when s(-8) is divided by 41?
0
What is the remainder when 1122 + -1 + (272 - 251) is divided by 118?
80
Let v = 234756 - 234731. Suppose 3*c - 219 = -0*b + 3*b, -4*b = 0. What is the remainder when c is divided by v?
23
Suppose -7*w - 490 = -9*w - 5*f, f - 514 = -2*w. What is the remainder when w is divided by 36?
8
Suppose 0 = 6*f - 36, 0 = 544*j - 549*j + 4*f + 101. Calculate the remainder when 2/(-9) - (-2218)/18 is divided by j.
23
Calculate the remainder when 133 is divided by ((-731)/408*4)/((-1)/6).
4
Let s be 730/219*((-3)/(-2) + 0). Suppose 2*d - 18 = -h, -4*h - s*d - 25 = -85. What is the remainder when 107 is divided by h?
7
Suppose y = 3*d - 2*y - 150, 3*y = -4*d + 221. What is the remainder when ((-406)/(-6))/((-15)/450*-10) is divided by d?
44
Suppose 13*o - 20*o + 14 = 0. Calculate the remainder when (o*99)/(-19 + 21) is divided by 51.
48
Suppose 20756 + 10163 - 6675 = 22*v. What is the remainder when v is divided by 23?
21
Let k be (-2571)/15 + (-6)/(-15). Let l = k + 253. Suppose 0 = 2*f - 10, 0 = 4*y + 3*f + f - 104. Calculate the remainder when l is divided by y.
19
Let k = -2041 + 3974. Calculate the remainder when k is divided by 9.
7
Suppose 0 = 2*r - d - 12, -12*r + d = -8*r - 20. Suppose -4*q - k = -1052, r = q - k - 259. What is the remainder when q is divided by 24?
23
Suppose 3*y - 4*g - 470 = g, 4*y - g = 638. Suppose -62*k + 54*k = -y. What is the remainder when k is divided by 5?
0
Let n(g) = -97*g + 15. What is the remainder when 2053 is divided by n(0)?
13
Let y = -344 + 355. Suppose y*c = 52 + 80. Calculate the remainder when 71 is divided by c.
11
Let b(q) = q**3 - q**2 - 3*q + 18. Let j be b(0). Suppose -5 = -l + 4*g - j, 9 = 2*l - g. Suppose l = 3*i + 4. What is the remainder when 3 is divided by i?
0
Suppose -4*m + 28 = 4*a, a - 4*m = 34 - 52. Calculate the remainder when 20 is divided by (-9)/(54/(-24)) + (a - -1).
6
Let j = 84 - 21. Suppose -24*h = 3*h - 594. Calculate the remainder when j is divided by h.
19
Let n be (-2116 + 1)*(0 + (-16)/24). Suppose -23*i + 33*i - n = 0. Suppose -2*c + 29 = -c. Calculate the remainder when i is divided by c.
25
Suppose 0 = 3*x + 5*n - 20 - 24, -4*n = x - 3. Let r be 8921/33 + 2/(-6). Suppose -13*y + 10*y + r = 0. Calculate the remainder when y is divided by x.
21
What is the remainder when 1060 is divided by (-15)/12*2 + -35*(-51)/238?
0
Let c(j) = -12*j - 75. Let s be c(-9). Calculate the remainder when 284 is divided by (s + -6)/(3/8).
68
Let k = 1438 - 782. Let y = k - 619. Let z = 2 - -1. What is the remainder when y is divided by z?
1
Let k = -29753 + 30188. What is the remainder when k is divided by 416?
19
Let h = -209 + 215. Calculate the remainder when 427 is divided by (-7)/((-147)/h) - (-897)/21.
40
Let h(d) = -3*d - 4. Let r be h(-2). Calculate the remainder when (341/(-93))/(r/(-12)) is divided by 6.
4
Suppose 4*l = -5*p + 8, -5 - 3 = -4*l - 2*p. Let r be 14*(-1)/(-4)*l. Suppose -44 = -r*u + 54. Calculate the remainder when 110 is divided by u.
12
Calculate the remainder when (-230242)/(-1743) + (-2)/21 is divided by 25.
7
Let i(z) = z**3 + 10*z**2 + z + 11. Let t be i(-10). Let y = 33 - 17. What is the remainder when 100/y*(5 - t) is divided by 13?
12
Let f(s) = -56*s + 170. Calculate the remainder when 242 is divided by f(1).
14
Suppose 3615 = 5*p + 5*y, -p + 4*p + 5*y - 2161 = 0. Let u = -201 - -214. What is the remainder when p is divided by u?
12
Let k be -70 - (0/1 + (-5 - -3)). Let x = 81 + k. Calculate the remainder when 266/8 + (-16)/64 is divided by x.
7
Suppose 0 = 5*t + 5, -2*a - 2*t = a - 4. Let r be 7/(-14)*2*-5. Suppose -27*w = -r*w - 220. Calculate the remainder when w is divided by a.
0
Suppose -4*v + 454 = -3*w + 523, 0 = -3*w + v + 69. What is the remainder when 12900 is divided by w?
20
Let q(a) = 22*a + 797. Calculate the remainder when q(10) is divided by 150.
117
Suppose 0 = 4*r + 2*n - 15 - 267, -r = n - 67. Calculate the remainder when r is divided by (-8)/2*(-11)/4.
8
Let d(x) = x**2 + 3*x + 7. Suppose 25*v = 32*v + 42. Calculate the remainder when (-3)/(v/125)*(-56)/(-35) is divided by d(-5).
15
What is the remainder when 18*(-6648)/(-432)*(7 - 1) is divided by 332?
2
Suppose 336 = 9*d - 23*d. What is the remainder when 233 is divided by (7 + -11)*78/d?
12
Let q(h) = -h**2 - 4*h - 2. Let a be q(-1). Calculate the remainder when 467 - 5*(-2 + a) is divided by 17.
13
Suppose 0 = -5*p - 0*p. Suppose 3*k - 27 = -3*c - 0*c, p = 5*c - 25. Let o = k - 0. What is the remainder when 19 is divided by o?
3
Let r(w) = -29*w - 2. Let b = 245102 + -245064. Calculate the remainder when r(-3) is divided by b.
9
Let o(f) = 142*f - 3539. Suppose y = -0*y + 13. What is the remainder when o(26) is divided by y?
10
Let r(s) = 608*s - 548. Calculate the remainder when 1618 is divided by r(1).
58
Let k(r) = -r**3 - 11*r**2 + 6. Let w be k(-11). Suppose -196 = -w*c - 8*c. What is the remainder when c is divided by 3?
2
Let s be (-13 + 11)*(-7 - -3)/(-2). Calculate the remainder when 2/5 + 57/(-5)*s is divided by 6.
4
What is the remainder when (-2)/((-48)/6 + 13080/1636) is divided by 26?
19
Let f(v) = v**2 + 5*v + 4. Suppose 5*y - 7*o + 3*o - 194 = 0, -2*o + 92 = 2*y. Suppose y*j - 273 = 35*j. Calculate the remainder when j is divided by f(-6).
9
Suppose 2*q + 0*z - 55 = 3*z, -2*q - 4*z = -62. Suppose 25*l = 440 - 90. Calculate the remainder when 576/(-28)*l*7/(-14) is divided by q.
28
Suppose -6 = -d + 14. Suppose -5*n + 53*o + 32 = 49*o, 2*o = 5*n - 36. Calculate the remainder when d is divided by n.
4
Let k(h) = -h**3 + 8*h**2 - 5*h - 10. Let a(u) = -74*u**2 - 447*u - 3. What is the remainder when a(-6) is divided by k(7)?
3
Suppose -117*v - 4 = -118*v. Let s be 3/3*(-7)/(-1). Suppose -5*u + 37 = 4*j, -3*u + s = 4*j - 4*u. Calculate the remainder when v is divided by j.
1
Suppose -3*i = 3*q - 1596, 3*i - 1580 = -48*q + 49*q. Calculate the remainder when i is divided by 2*-23*(-2)/4.
22
Let l = 8769 - 8727. Let g = -236 + 401. Calculate the remainder when g is divided by l.
39
Suppose 384*s = 573*s - 40446. What is the remainder when s is divided by ((-1)/2)/((-1)/48)?
22
Let b(f) = 12*f - 45. Let i(q) = q - 4*q + 38 + 0*q - 4*q. What is the remainder when b(10) is divided by i(0)?
37
Let h = 123 + -152. Let a = 70 + h. What is the remainder when 200 is divided by a?
36
Calculate the remainder when 495 is divided by (-149)/(-3) + 192/(-288).
5
Let q be (1/2)/(18 - 1506/84). Let t be 41 - 3/(-1 - -2). Suppose t = d + q. What is the remainder when d is divided by 7?
3
Suppose -4*d = q - 17, -4*d - 2*q = -2*d - 10. Suppose -2*z + d*z + 76 = 3*n, n - 5*z - 34 = 0. Calculate the remainder when 332 is divided by n.
20
Suppose 3*f + 5*c - 130 - 800 = 0, -3*c + 621 = 2*f. What is the remainder when f is divided by 37?
19
Let n(l) = l**3 + 13*l**2 + 11*l + 11. Let g(b) = -b**2 + 27*b - 27. Let y = 68 + -50. Calculate the remainder when g(y) is divided by n(-12).
20
Suppose 0 = -5*b - 3*w + 69, 4*w = -0*b + b. Let g = 357 - 351. Calculate the remainder when b is divided by g*((-6)/(-10))/(18/20).
0
Suppose -14*t + 8698 = 2356. What is the remainder when 466 is divided by t?
13
Let z(f) = -f**3 - 9*f**2 + 8*f + 25. What is the remainder when 217 is divided by z(-10)?
37
Let m = 442 + -416. Suppose -18 = m*i - 32*i. Calculate the remainder when 71 is divided by i.
2
Suppose 3*t - 43 = -5*x + 233, 5*x - 189 = -2*t. Calculate the remainder when t is divided by (-222)/(-21) - 9/(-21).
10
Let b = 175 - 113. Suppose k = -4*x, -x = -4*k + 2*k. Suppose x = -3*m + 243 + 498. Calculate the remainder when m is divided by b.
61
Let w(u) = -22*u**2 - 5. Let x be w(2). Let p = x - -147. What is the remainder when p is divided by 2?
0
Let g = 222 - 222. Suppose -18*v + 750 + 942 = g. Calculate the remainder when v is divided by 11.
6
Suppose 36 = -3*b + 5*b. Suppose -x - x = -b. Calculate the remainder when ((-5)/3)/((-10)/(-2880)*-8) is divided by x.
6
Let i be (21 - -2) + (-5 - -2). Suppose 2*j + 4*g = -3 + 1, g - 7 = -3*j. Suppose j*d = i + 52. Calculate the remainder when d is divided by 15.
9
Suppose 461*f - 460*f = -4*u + 37, -346 = -5*f 